{"id":13580,"date":"2023-02-17T12:37:02","date_gmt":"2023-02-17T12:37:02","guid":{"rendered":"https:\/\/nmsgoellersdorf.ac.at\/wordpress\/?page_id=13580"},"modified":"2023-02-19T17:28:14","modified_gmt":"2023-02-19T17:28:14","slug":"stop-parkbank-sprayaktion-in-der-neuen-mittelschule-goellersdorf","status":"publish","type":"page","link":"https:\/\/nmsgoellersdorf.ac.at\/wordpress\/?page_id=13580","title":{"rendered":"STOP Parkbank &#8211; Sprayaktion in der Musikmittelschule G\u00f6llersdorf!"},"content":{"rendered":"\n<p>\u201eWow wir gehen sprayen \u2013 das ist Cool\u201c, sagt einer der Sch\u00fcler der dritten Klasse, als klar wird, was da heute im Werkunterricht passiert. Die Werklehrerinnen Frau Schober und Frau Pfeifer haben das Projekt begleitet und mit den Jugendlichen die Parkb\u00e4nke gesprayt! \u201eHier ist kein Platz f\u00fcr Gewalt an M\u00e4dchen und Frauen\u201c steht jetzt drauf. W\u00e4hrend die einen sprayen, haben die andern mit Monika Naderer der &#8222;STOP&#8220; Koordinatorin von Frauen f\u00fcr Frauen diskutiert und einen ersten Blick in das Thema Gewaltschutz gemacht. <br>Frauen f\u00fcr Frauen bedankt sich bei der B\u00fcrgerliste G\u00f6llersdorf f\u00fcr die Unterst\u00fctzung der Aktion und dem Sponsoring der B\u00e4nke. Aufgestellt werden die B\u00e4nke im Rahmen des Weltfrauentages und der Aktion &#8222;16 Tage gegen Gewalt&#8220;.<\/p>\n\n\n\nngg_shortcode_0_placeholder\n","protected":false},"excerpt":{"rendered":"<p>\u201eWow wir gehen sprayen \u2013 das ist Cool\u201c, sagt einer der Sch\u00fcler der dritten Klasse, als klar wird, was da heute im Werkunterricht passiert. Die Werklehrerinnen Frau Schober und Frau Pfeifer haben das Projekt begleitet und mit den Jugendlichen die Parkb\u00e4nke gesprayt! \u201eHier ist kein Platz f\u00fcr Gewalt an M\u00e4dchen und Frauen\u201c steht jetzt drauf. [&hellip;]<\/p>\n","protected":false},"author":1,"featured_media":0,"parent":13232,"menu_order":0,"comment_status":"closed","ping_status":"closed","template":"","meta":{"ngg_post_thumbnail":0,"footnotes":""},"class_list":["post-13580","page","type-page","status-publish","hentry"],"_links":{"self":[{"href":"https:\/\/nmsgoellersdorf.ac.at\/wordpress\/index.php?rest_route=\/wp\/v2\/pages\/13580","targetHints":{"allow":["GET"]}}],"collection":[{"href":"https:\/\/nmsgoellersdorf.ac.at\/wordpress\/index.php?rest_route=\/wp\/v2\/pages"}],"about":[{"href":"https:\/\/nmsgoellersdorf.ac.at\/wordpress\/index.php?rest_route=\/wp\/v2\/types\/page"}],"author":[{"embeddable":true,"href":"https:\/\/nmsgoellersdorf.ac.at\/wordpress\/index.php?rest_route=\/wp\/v2\/users\/1"}],"replies":[{"embeddable":true,"href":"https:\/\/nmsgoellersdorf.ac.at\/wordpress\/index.php?rest_route=%2Fwp%2Fv2%2Fcomments&post=13580"}],"version-history":[{"count":2,"href":"https:\/\/nmsgoellersdorf.ac.at\/wordpress\/index.php?rest_route=\/wp\/v2\/pages\/13580\/revisions"}],"predecessor-version":[{"id":13595,"href":"https:\/\/nmsgoellersdorf.ac.at\/wordpress\/index.php?rest_route=\/wp\/v2\/pages\/13580\/revisions\/13595"}],"up":[{"embeddable":true,"href":"https:\/\/nmsgoellersdorf.ac.at\/wordpress\/index.php?rest_route=\/wp\/v2\/pages\/13232"}],"wp:attachment":[{"href":"https:\/\/nmsgoellersdorf.ac.at\/wordpress\/index.php?rest_route=%2Fwp%2Fv2%2Fmedia&parent=13580"}],"curies":[{"name":"wp","href":"https:\/\/api.w.org\/{rel}","templated":true}]}}