{"id":13273,"date":"2022-10-13T10:12:29","date_gmt":"2022-10-13T10:12:29","guid":{"rendered":"https:\/\/nmsgoellersdorf.ac.at\/wordpress\/?page_id=13273"},"modified":"2022-10-13T10:24:47","modified_gmt":"2022-10-13T10:24:47","slug":"kooperationstag","status":"publish","type":"page","link":"https:\/\/nmsgoellersdorf.ac.at\/wordpress\/?page_id=13273","title":{"rendered":"Kooperationstag"},"content":{"rendered":"\n<p>F\u00fcr den Tag der offenen T\u00fcr kamen unsere Sch\u00fclerinnen und Sch\u00fcler extra am Samstag in die Schule. Daf\u00fcr gab es als kleines Dankesch\u00f6n einen &#8222;Kooperationstag&#8220; mit Herausforderungen, die durch Zusammenarbeit im Team gemeistert wurden.<br><\/p>\n\n\n\nngg_shortcode_0_placeholder\n","protected":false},"excerpt":{"rendered":"<p>F\u00fcr den Tag der offenen T\u00fcr kamen unsere Sch\u00fclerinnen und Sch\u00fcler extra am Samstag in die Schule. Daf\u00fcr gab es als kleines Dankesch\u00f6n einen &#8222;Kooperationstag&#8220; mit Herausforderungen, die durch Zusammenarbeit im Team gemeistert wurden.<\/p>\n","protected":false},"author":1,"featured_media":0,"parent":13232,"menu_order":0,"comment_status":"closed","ping_status":"closed","template":"","meta":{"ngg_post_thumbnail":0,"footnotes":""},"class_list":["post-13273","page","type-page","status-publish","hentry"],"_links":{"self":[{"href":"https:\/\/nmsgoellersdorf.ac.at\/wordpress\/index.php?rest_route=\/wp\/v2\/pages\/13273","targetHints":{"allow":["GET"]}}],"collection":[{"href":"https:\/\/nmsgoellersdorf.ac.at\/wordpress\/index.php?rest_route=\/wp\/v2\/pages"}],"about":[{"href":"https:\/\/nmsgoellersdorf.ac.at\/wordpress\/index.php?rest_route=\/wp\/v2\/types\/page"}],"author":[{"embeddable":true,"href":"https:\/\/nmsgoellersdorf.ac.at\/wordpress\/index.php?rest_route=\/wp\/v2\/users\/1"}],"replies":[{"embeddable":true,"href":"https:\/\/nmsgoellersdorf.ac.at\/wordpress\/index.php?rest_route=%2Fwp%2Fv2%2Fcomments&post=13273"}],"version-history":[{"count":2,"href":"https:\/\/nmsgoellersdorf.ac.at\/wordpress\/index.php?rest_route=\/wp\/v2\/pages\/13273\/revisions"}],"predecessor-version":[{"id":13313,"href":"https:\/\/nmsgoellersdorf.ac.at\/wordpress\/index.php?rest_route=\/wp\/v2\/pages\/13273\/revisions\/13313"}],"up":[{"embeddable":true,"href":"https:\/\/nmsgoellersdorf.ac.at\/wordpress\/index.php?rest_route=\/wp\/v2\/pages\/13232"}],"wp:attachment":[{"href":"https:\/\/nmsgoellersdorf.ac.at\/wordpress\/index.php?rest_route=%2Fwp%2Fv2%2Fmedia&parent=13273"}],"curies":[{"name":"wp","href":"https:\/\/api.w.org\/{rel}","templated":true}]}}