{"id":106,"date":"2013-10-21T18:36:36","date_gmt":"2013-10-21T18:36:36","guid":{"rendered":"http:\/\/nmsgoellersdorf.ac.at\/wordpress\/?page_id=106"},"modified":"2025-09-10T14:42:12","modified_gmt":"2025-09-10T14:42:12","slug":"kontakt","status":"publish","type":"page","link":"https:\/\/nmsgoellersdorf.ac.at\/wordpress\/?page_id=106","title":{"rendered":"IMPRESSUM"},"content":{"rendered":"<p style=\"text-align: left;\"><span style=\"color: #333333;\"><b>Musikmittelschule G\u00f6llersdorf<br \/>\n<\/b>Schulgasse 273<br \/>\nA-2013 G\u00f6llersdorf<\/span><\/p>\n<p style=\"text-align: left;\"><span style=\"color: #333333;\"><strong>Telefon:<\/strong> 02954\/2275<br \/>\n<\/span><\/p>\n<p style=\"text-align: left;\"><span style=\"color: #333333;\"><strong>E-Mail:<\/strong> nms.goellersdorf@noeschule.at<\/span><\/p>\n<p style=\"text-align: left;\"><span style=\"color: #333333;\"><strong>Schulleitung:<\/strong> Karin GLIER<\/span><\/p>\n<p style=\"text-align: left;\"><span style=\"color: #333333;\">F\u00fcr den Inhalt verantwortlich: Bernadette EDER<br \/>\n<\/span><\/p>\n<p style=\"text-align: left;\"><span style=\"color: #333333;\">Es wird keine Haftung f\u00fcr Inhalte und Informationen dieser Webseite \u00fcbernommen.<br \/>\n<\/span><\/p>\n","protected":false},"excerpt":{"rendered":"<p>Musikmittelschule G\u00f6llersdorf Schulgasse 273 A-2013 G\u00f6llersdorf Telefon: 02954\/2275 E-Mail: nms.goellersdorf@noeschule.at Schulleitung: Karin GLIER F\u00fcr den Inhalt verantwortlich: Bernadette EDER Es wird keine Haftung f\u00fcr Inhalte und Informationen dieser Webseite \u00fcbernommen.<\/p>\n","protected":false},"author":1,"featured_media":0,"parent":0,"menu_order":0,"comment_status":"closed","ping_status":"closed","template":"","meta":{"ngg_post_thumbnail":0,"footnotes":""},"class_list":["post-106","page","type-page","status-publish","hentry"],"_links":{"self":[{"href":"https:\/\/nmsgoellersdorf.ac.at\/wordpress\/index.php?rest_route=\/wp\/v2\/pages\/106","targetHints":{"allow":["GET"]}}],"collection":[{"href":"https:\/\/nmsgoellersdorf.ac.at\/wordpress\/index.php?rest_route=\/wp\/v2\/pages"}],"about":[{"href":"https:\/\/nmsgoellersdorf.ac.at\/wordpress\/index.php?rest_route=\/wp\/v2\/types\/page"}],"author":[{"embeddable":true,"href":"https:\/\/nmsgoellersdorf.ac.at\/wordpress\/index.php?rest_route=\/wp\/v2\/users\/1"}],"replies":[{"embeddable":true,"href":"https:\/\/nmsgoellersdorf.ac.at\/wordpress\/index.php?rest_route=%2Fwp%2Fv2%2Fcomments&post=106"}],"version-history":[{"count":19,"href":"https:\/\/nmsgoellersdorf.ac.at\/wordpress\/index.php?rest_route=\/wp\/v2\/pages\/106\/revisions"}],"predecessor-version":[{"id":15923,"href":"https:\/\/nmsgoellersdorf.ac.at\/wordpress\/index.php?rest_route=\/wp\/v2\/pages\/106\/revisions\/15923"}],"wp:attachment":[{"href":"https:\/\/nmsgoellersdorf.ac.at\/wordpress\/index.php?rest_route=%2Fwp%2Fv2%2Fmedia&parent=106"}],"curies":[{"name":"wp","href":"https:\/\/api.w.org\/{rel}","templated":true}]}}